67709 composite?
False
Is 71506 a composite number?
True
Is 10189 a composite number?
True
Is 62485 a prime number?
False
Is 244231 a composite number?
True
Is 532093 composite?
False
Is 53267 prime?
True
Is 239053 composite?
False
Is 974 composite?
True
Is 88583 prime?
False
Is 1471 a composite number?
False
Is 44683 a composite number?
False
Is 57467 prime?
True
Is 17231 a prime number?
True
Is 4751 a prime number?
True
Is 3643 prime?
True
Is 694961 a prime number?
False
Is 580877 a composite number?
True
Is 210599 a composite number?
False
Is 61357 a prime number?
True
Is 5089 a composite number?
True
Is 3785 a prime number?
False
Is 175135 a prime number?
False
Is 1426507 prime?
False
Is 96521 prime?
False
Is 19111 a prime number?
False
Is 102533 prime?
True
Is 5333 a composite number?
False
Is 8857 a prime number?
False
Is 319537 a composite number?
True
Is 65197 composite?
True
Is 3407 a prime number?
True
Is 34285 a composite number?
True
Is 271127 prime?
True
Is 393479 prime?
True
Is 48803 prime?
False
Is 4721 a prime number?
True
Is 3453 prime?
False
Is 6239 a prime number?
False
Is 349577 composite?
True
Is 236066 composite?
True
Is 51617 a prime number?
False
Is 297731 a prime number?
False
Is 142483 a composite number?
True
Is 13011 composite?
True
Is 1491149 prime?
False
Is 466369 a prime number?
True
Is 23315 composite?
True
Is 32881 composite?
True
Is 21727 a composite number?
False
Is 1028737 a composite number?
False
Is 7211 a composite number?
False
Is 5371 a composite number?
True
Is 463337 prime?
False
Is 304789 composite?
False
Is 116543 prime?
False
Is 588583 a composite number?
True
Is 9923 a composite number?
False
Is 18539 a prime number?
True
Is 211559 a composite number?
False
Is 459499 a prime number?
False
Is 207289 a prime number?
False
Is 21029 prime?
False
Is 62641 a prime number?
False
Is 360119 a composite number?
True
Is 11369 composite?
False
Is 222001 prime?
False
Is 223577 composite?
False
Is 18782 prime?
False
Is 234167 composite?
False
Is 41443 a composite number?
False
Is 6317 a prime number?
True
Is 324419 composite?
False
Is 20707 a composite number?
False
Is 46821 a composite number?
True
Is 75871 a prime number?
False
Is 63029 a composite number?
False
Is 18503 prime?
True
Is 66029 a prime number?
True
Is 101081 prime?
True
Is 7283 composite?
False
Is 90149 a prime number?
True
Is 427051 a composite number?
True
Is 47597 prime?
False
Is 2251 a composite number?
False
Is 132017 prime?
False
Is 1781 prime?
False
Is 757421 a composite number?
True
Is 1618379 prime?
False
Is 17377 a composite number?
False
Is 14783 a composite number?
False
Is 28585 a prime number?
False
Is 15403 a composite number?
True
Is 15097 a prime number?
False
Is 287 composite?
True
Is 1477 composite?
True
Is 16343 composite?
True
Is 642701 composite?
False
Is 63901 composite?
False
Is 2062 a prime number?
False
Is 114911 prime?
False
Is 2966963 prime?
True
Is 592967 a composite number?
False
Is 164237 composite?
True
Is 2053145 a prime number?
False
Is 33559 a prime number?
False
Is 31357 a composite number?
False
Is 3817 a composite number?
True
Is 401189 prime?
False
Is 1323053 a prime number?
True
Is 2533 composite?
True
Is 149441 prime?
True
Is 2017 composite?
False
Is 33889 a composite number?
False
Is 3616847 composite?
True
Is 325879 a prime number?
False
Is 5447 composite?
True
Is 10993 composite?
False
Is 4963 a prime number?
False
Is 1329 a composite number?
True
Is 3563161 a composite number?
True
Is 2923 prime?
False
Is 32393 a composite number?
True
Is 435802 prime?
False
Is 7963 a composite number?
False
Is 8413 composite?
True
Is 24193 a composite number?
True
Is 10963 composite?
True
Is 28207 composite?
True
Is 567397 composite?
True
Is 622621 composite?
False
Is 397253 a prime number?
True
Is 5833 composite?
True
Is 5227 composite?
False
Is 724721 composite?
False
Is 341 prime?
False
Is 1159127 a prime number?
True
Is 2287 a prime number?
True
Is 9347 prime?
False
Is 13861 a prime number?
False
Is 35661 prime?
False
Is 73841 a prime number?
False
Is 15173 a composite number?
False
Is 10847 a prime number?
True
Is 11273 a composite number?
False
Is 46571 a prime number?
False
Is 259877 prime?
False
Is 176081 prime?
True
Is 767 a composite number?
True
Is 104801 a composite number?
False
Is 36151 a composite number?
False
Is 3943 a composite number?
False
Is 30161 a prime number?
True
Is 116098 a composite number?
True
Is 1015981 composite?
False
Is 457009 a composite number?
True
Is 148853 prime?
True
Is 40459 a composite number?
False
Is 73751 prime?
True
Is 3557 composite?
False
Is 51257 a composite number?
False
Is 7051 a prime number?
False
Is 17401 a composite number?
False
Is 3737 prime?
False
Is 20593 prime?
True
Is 5623 a composite number?
False
Is 271163 composite?
False
Is 48731 composite?
False
Is 27179 prime?
True
Is 39029 prime?
False
Is 1042361 composite?
True
Is 4406 a composite number?
True
Is 2229 a prime number?
False
Is 1147091 a prime number?
False
Is 402607 a prime number?
False
Is 246547 prime?
False
Is 108503 composite?
False
Is 240521 a prime number?
False
Is 477957 a prime number?
False
Is 7091 a prime number?
False
Is 209491 a composite number?
True
Is 1213 a composite number?
False
Is 59435 a composite number?
True
Is 72421 prime?
True
Is 201203 composite?
False
Is 433043 composite?
True
Is 10291 a prime number?
False
Is 67831 composite?
True
Is 1264894 prime?
False
Is 9133 composite?
False
Is 37943 prime?
False
Is 5339987 a composite number?
False
Is 78503 composite?
True
Is 29157 composite?
True
Is 14197 prime?
True
Is 42491 a composite number?
False
Is 13649 a prime number?
True
Is 9901 a composite number?
False
Is 14453 prime?
False
Is 1801 prime?
True
Is 70939 composite?
True
Is 21003 a prime number?
False
Is 2203 composite?
False
Is 33951 a prime number?
False
Is 1199351 composite?
False
Is 117659 prime?
True
Is 76561 prime?
True
Is 389399 a composite number?
False
Is 411231 a prime number?
False
Is 26777 a composite number?
False
Is 6583 prime?
False
Is 813799 a prime number?
False
Is 10781 composite?
False
Is 4087 a prime number?
False
Is 124897 composite?
False
Is 35941 prime?
False
Is 298969 a prime number?
False
Is 649 prime?
False
Is 6385 composite?
True
Is 3629 prime?
False
Is 3386 a prime number?
False
Is 3659 a composite number?
False
Is 15815 a prime number?
False
Is 2171174 composite?
True
Is 13517 a composite number?
True
Is 87911 composite?
False
Is 124577 composite?
False
Is 1880131 prime?
False
Is 25391 prime?
True
Is 10421 composite?
True
Is 1543 a prime number?
True
Is 2417 prime?
True
Is 2103653 prime?
True
Is 949381 a composite number?
False
Is 25867 a prime number?
True
Is 2402 a composite number?
True
Is 95983 a composite number?
True
Is 9299 composite?
True
Is 2579 prime?
True
Is 28709 a prime number?
False
Is 10129 prime?
False
Is 8915 composite?
True
Is 9967 a prime number?
True
Is 58831 prime?
True
Is 128147 a composite number?
False
Is 34667 prime?
True
Is 1699337 prime?
False
Is 5779 composite?
False
Is 336811 composite?
True
Is 21005 composite?
True
Is 107879 prime?
False
Is 512659 a prime number?
False
Is 328543 a composite number?
False
Is 96974 a composite number?
True
Is 23917 a prime number?
True
Is 15373 composite?
False
Is 6185 composite?
True
Is 2005103 prime?
True
Is 638511 a prime number?
False
Is 393181 a prime number?
True
Is 14207 composite?
False
Is 54517 a composite number?
False
Is 407 prime?
False
Is 19811 prime?
False
Is 415 composite?
True
Is 140557 prime?
True
Is 3285811 a composite number?
True
Is 31307 a composite number?
False
Is 431 a prime number?
True
Is 4751 composite?
False
Is 555455 composite?
True
Is 62207 a composite number?
False
Is 52021 a prime number?
True
Is 591127 prime?
True
Is 3243815 a prime number?
False
Is 52807 a prime number?
True
Is 55589 a prime number?
True
Is 103741 a prime number?
False
Is 1711 composite?
True
Is 1593133 composite?
False
Is 8527 a prime number?
True
Is 984119 prime?
True
Is 18481 a composite number?
False
Is 53543 a composite number?
True
Is 43247 prime?
False
Is 124919 a composite number?
False
Is 1104241 prime?
True
Is 125863 a composite number?
False
Is 56453 a prime number?
True